{"id":2,"date":"2020-03-13T18:20:41","date_gmt":"2020-03-13T17:20:41","guid":{"rendered":"https:\/\/www.singhsmart.de\/?page_id=2"},"modified":"2024-11-09T14:01:48","modified_gmt":"2024-11-09T13:01:48","slug":"beispiel-seite","status":"publish","type":"page","link":"https:\/\/www.singhsmart.de\/","title":{"rendered":"Home"},"content":{"rendered":"\t\t<div data-elementor-type=\"wp-page\" data-elementor-id=\"2\" class=\"elementor elementor-2\" data-elementor-settings=\"[]\">\n\t\t\t\t\t\t<div class=\"elementor-inner\">\n\t\t\t\t\t\t\t<div class=\"elementor-section-wrap\">\n\t\t\t\t\t\t\t<section class=\"elementor-section elementor-top-section elementor-element elementor-element-a165974 elementor-section-stretched elementor-section-full_width elementor-section-height-default elementor-section-height-default\" data-id=\"a165974\" data-element_type=\"section\" data-settings=\"{&quot;stretch_section&quot;:&quot;section-stretched&quot;,&quot;background_background&quot;:&quot;classic&quot;}\">\n\t\t\t\t\t\t<div class=\"elementor-container elementor-column-gap-default\">\n\t\t\t\t\t\t\t<div class=\"elementor-row\">\n\t\t\t\t\t<div class=\"elementor-column elementor-col-20 elementor-top-column elementor-element elementor-element-73c604b\" data-id=\"73c604b\" data-element_type=\"column\">\n\t\t\t<div class=\"elementor-column-wrap elementor-element-populated\">\n\t\t\t\t\t\t\t<div class=\"elementor-widget-wrap\">\n\t\t\t\t\t\t<div class=\"elementor-element elementor-element-8feba5c elementor-widget elementor-widget-image\" data-id=\"8feba5c\" data-element_type=\"widget\" data-widget_type=\"image.default\">\n\t\t\t\t<div class=\"elementor-widget-container\">\n\t\t\t\t\t<div class=\"elementor-image\">\n\t\t\t\t\t\t\t\t\t\t<img loading=\"lazy\" decoding=\"async\" width=\"580\" height=\"773\" src=\"https:\/\/www.singhsmart.de\/wp-content\/uploads\/2020\/06\/marokanische_lebensmittel-768x1024.jpeg\" class=\"attachment-large size-large\" alt=\"\" srcset=\"https:\/\/www.singhsmart.de\/wp-content\/uploads\/2020\/06\/marokanische_lebensmittel-768x1024.jpeg 768w, https:\/\/www.singhsmart.de\/wp-content\/uploads\/2020\/06\/marokanische_lebensmittel-225x300.jpeg 225w, https:\/\/www.singhsmart.de\/wp-content\/uploads\/2020\/06\/marokanische_lebensmittel-1152x1536.jpeg 1152w, https:\/\/www.singhsmart.de\/wp-content\/uploads\/2020\/06\/marokanische_lebensmittel.jpeg 1200w\" sizes=\"(max-width: 580px) 100vw, 580px\" \/>\t\t\t\t\t\t\t\t\t\t\t<\/div>\n\t\t\t\t<\/div>\n\t\t\t\t<\/div>\n\t\t\t\t\t\t<\/div>\n\t\t\t\t\t<\/div>\n\t\t<\/div>\n\t\t\t\t<div class=\"elementor-column elementor-col-20 elementor-top-column elementor-element elementor-element-0eca301\" data-id=\"0eca301\" data-element_type=\"column\">\n\t\t\t<div class=\"elementor-column-wrap elementor-element-populated\">\n\t\t\t\t\t\t\t<div class=\"elementor-widget-wrap\">\n\t\t\t\t\t\t<div class=\"elementor-element elementor-element-f246be3 elementor-widget elementor-widget-image\" data-id=\"f246be3\" data-element_type=\"widget\" data-widget_type=\"image.default\">\n\t\t\t\t<div class=\"elementor-widget-container\">\n\t\t\t\t\t<div class=\"elementor-image\">\n\t\t\t\t\t\t\t\t\t\t<img loading=\"lazy\" decoding=\"async\" width=\"580\" height=\"773\" src=\"https:\/\/www.singhsmart.de\/wp-content\/uploads\/2020\/06\/suedindische_lebensmittel-1-768x1024.jpeg\" class=\"attachment-large size-large\" alt=\"\" srcset=\"https:\/\/www.singhsmart.de\/wp-content\/uploads\/2020\/06\/suedindische_lebensmittel-1-768x1024.jpeg 768w, https:\/\/www.singhsmart.de\/wp-content\/uploads\/2020\/06\/suedindische_lebensmittel-1-225x300.jpeg 225w, https:\/\/www.singhsmart.de\/wp-content\/uploads\/2020\/06\/suedindische_lebensmittel-1-1152x1536.jpeg 1152w, https:\/\/www.singhsmart.de\/wp-content\/uploads\/2020\/06\/suedindische_lebensmittel-1.jpeg 1200w\" sizes=\"(max-width: 580px) 100vw, 580px\" \/>\t\t\t\t\t\t\t\t\t\t\t<\/div>\n\t\t\t\t<\/div>\n\t\t\t\t<\/div>\n\t\t\t\t\t\t<\/div>\n\t\t\t\t\t<\/div>\n\t\t<\/div>\n\t\t\t\t<div class=\"elementor-column elementor-col-20 elementor-top-column elementor-element elementor-element-6084fba\" data-id=\"6084fba\" data-element_type=\"column\">\n\t\t\t<div class=\"elementor-column-wrap elementor-element-populated\">\n\t\t\t\t\t\t\t<div class=\"elementor-widget-wrap\">\n\t\t\t\t\t\t<div class=\"elementor-element elementor-element-df9f8a4 elementor-widget elementor-widget-image\" data-id=\"df9f8a4\" data-element_type=\"widget\" data-widget_type=\"image.default\">\n\t\t\t\t<div class=\"elementor-widget-container\">\n\t\t\t\t\t<div class=\"elementor-image\">\n\t\t\t\t\t\t\t\t\t\t<img loading=\"lazy\" decoding=\"async\" width=\"580\" height=\"773\" src=\"https:\/\/www.singhsmart.de\/wp-content\/uploads\/2020\/06\/indische_snacks-768x1024.jpeg\" class=\"attachment-large size-large\" alt=\"\" srcset=\"https:\/\/www.singhsmart.de\/wp-content\/uploads\/2020\/06\/indische_snacks-768x1024.jpeg 768w, https:\/\/www.singhsmart.de\/wp-content\/uploads\/2020\/06\/indische_snacks-225x300.jpeg 225w, https:\/\/www.singhsmart.de\/wp-content\/uploads\/2020\/06\/indische_snacks-1152x1536.jpeg 1152w, https:\/\/www.singhsmart.de\/wp-content\/uploads\/2020\/06\/indische_snacks.jpeg 1200w\" sizes=\"(max-width: 580px) 100vw, 580px\" \/>\t\t\t\t\t\t\t\t\t\t\t<\/div>\n\t\t\t\t<\/div>\n\t\t\t\t<\/div>\n\t\t\t\t\t\t<\/div>\n\t\t\t\t\t<\/div>\n\t\t<\/div>\n\t\t\t\t<div class=\"elementor-column elementor-col-20 elementor-top-column elementor-element elementor-element-d3df855\" data-id=\"d3df855\" data-element_type=\"column\">\n\t\t\t<div class=\"elementor-column-wrap elementor-element-populated\">\n\t\t\t\t\t\t\t<div class=\"elementor-widget-wrap\">\n\t\t\t\t\t\t<div class=\"elementor-element elementor-element-94f4181 elementor-widget elementor-widget-image\" data-id=\"94f4181\" data-element_type=\"widget\" data-widget_type=\"image.default\">\n\t\t\t\t<div class=\"elementor-widget-container\">\n\t\t\t\t\t<div class=\"elementor-image\">\n\t\t\t\t\t\t\t\t\t\t<img loading=\"lazy\" decoding=\"async\" width=\"580\" height=\"773\" src=\"https:\/\/www.singhsmart.de\/wp-content\/uploads\/2020\/06\/asiatische_lebenmittel-768x1024.jpeg\" class=\"attachment-large size-large\" alt=\"\" srcset=\"https:\/\/www.singhsmart.de\/wp-content\/uploads\/2020\/06\/asiatische_lebenmittel-768x1024.jpeg 768w, https:\/\/www.singhsmart.de\/wp-content\/uploads\/2020\/06\/asiatische_lebenmittel-225x300.jpeg 225w, https:\/\/www.singhsmart.de\/wp-content\/uploads\/2020\/06\/asiatische_lebenmittel-1152x1536.jpeg 1152w, https:\/\/www.singhsmart.de\/wp-content\/uploads\/2020\/06\/asiatische_lebenmittel.jpeg 1200w\" sizes=\"(max-width: 580px) 100vw, 580px\" \/>\t\t\t\t\t\t\t\t\t\t\t<\/div>\n\t\t\t\t<\/div>\n\t\t\t\t<\/div>\n\t\t\t\t\t\t<\/div>\n\t\t\t\t\t<\/div>\n\t\t<\/div>\n\t\t\t\t<div class=\"elementor-column elementor-col-20 elementor-top-column elementor-element elementor-element-8fd1b49\" data-id=\"8fd1b49\" data-element_type=\"column\">\n\t\t\t<div class=\"elementor-column-wrap elementor-element-populated\">\n\t\t\t\t\t\t\t<div class=\"elementor-widget-wrap\">\n\t\t\t\t\t\t<div class=\"elementor-element elementor-element-b9937c3 elementor-widget elementor-widget-image\" data-id=\"b9937c3\" data-element_type=\"widget\" data-widget_type=\"image.default\">\n\t\t\t\t<div class=\"elementor-widget-container\">\n\t\t\t\t\t<div class=\"elementor-image\">\n\t\t\t\t\t\t\t\t\t\t<img loading=\"lazy\" decoding=\"async\" width=\"580\" height=\"773\" src=\"https:\/\/www.singhsmart.de\/wp-content\/uploads\/2020\/06\/indsiche_gewuerze-768x1024.jpeg\" class=\"attachment-large size-large\" alt=\"\" srcset=\"https:\/\/www.singhsmart.de\/wp-content\/uploads\/2020\/06\/indsiche_gewuerze-768x1024.jpeg 768w, https:\/\/www.singhsmart.de\/wp-content\/uploads\/2020\/06\/indsiche_gewuerze-225x300.jpeg 225w, https:\/\/www.singhsmart.de\/wp-content\/uploads\/2020\/06\/indsiche_gewuerze-1152x1536.jpeg 1152w, https:\/\/www.singhsmart.de\/wp-content\/uploads\/2020\/06\/indsiche_gewuerze.jpeg 1200w\" sizes=\"(max-width: 580px) 100vw, 580px\" \/>\t\t\t\t\t\t\t\t\t\t\t<\/div>\n\t\t\t\t<\/div>\n\t\t\t\t<\/div>\n\t\t\t\t\t\t<\/div>\n\t\t\t\t\t<\/div>\n\t\t<\/div>\n\t\t\t\t\t\t\t\t<\/div>\n\t\t\t\t\t<\/div>\n\t\t<\/section>\n\t\t\t\t<section class=\"elementor-section elementor-top-section elementor-element elementor-element-9855cf8 elementor-section-stretched elementor-section-full_width elementor-section-height-default elementor-section-height-default\" data-id=\"9855cf8\" data-element_type=\"section\" data-settings=\"{&quot;stretch_section&quot;:&quot;section-stretched&quot;}\">\n\t\t\t\t\t\t<div class=\"elementor-container elementor-column-gap-default\">\n\t\t\t\t\t\t\t<div class=\"elementor-row\">\n\t\t\t\t\t<div class=\"elementor-column elementor-col-50 elementor-top-column elementor-element elementor-element-d9809c2\" data-id=\"d9809c2\" data-element_type=\"column\">\n\t\t\t<div class=\"elementor-column-wrap elementor-element-populated\">\n\t\t\t\t\t\t\t<div class=\"elementor-widget-wrap\">\n\t\t\t\t\t\t<div class=\"elementor-element elementor-element-0454932 elementor-widget elementor-widget-image\" data-id=\"0454932\" data-element_type=\"widget\" data-widget_type=\"image.default\">\n\t\t\t\t<div class=\"elementor-widget-container\">\n\t\t\t\t\t<div class=\"elementor-image\">\n\t\t\t\t\t\t\t\t\t\t<img loading=\"lazy\" decoding=\"async\" width=\"580\" height=\"326\" src=\"https:\/\/www.singhsmart.de\/wp-content\/uploads\/2020\/06\/singhsmart-e1592136675524-1024x576.jpeg\" class=\"attachment-large size-large\" alt=\"\" srcset=\"https:\/\/www.singhsmart.de\/wp-content\/uploads\/2020\/06\/singhsmart-e1592136675524-1024x576.jpeg 1024w, https:\/\/www.singhsmart.de\/wp-content\/uploads\/2020\/06\/singhsmart-e1592136675524-300x169.jpeg 300w, https:\/\/www.singhsmart.de\/wp-content\/uploads\/2020\/06\/singhsmart-e1592136675524-768x432.jpeg 768w, https:\/\/www.singhsmart.de\/wp-content\/uploads\/2020\/06\/singhsmart-e1592136675524-1536x864.jpeg 1536w, https:\/\/www.singhsmart.de\/wp-content\/uploads\/2020\/06\/singhsmart-e1592136675524-1200x675.jpeg 1200w, https:\/\/www.singhsmart.de\/wp-content\/uploads\/2020\/06\/singhsmart-e1592136675524.jpeg 1600w\" sizes=\"(max-width: 580px) 100vw, 580px\" \/>\t\t\t\t\t\t\t\t\t\t\t<\/div>\n\t\t\t\t<\/div>\n\t\t\t\t<\/div>\n\t\t\t\t\t\t<\/div>\n\t\t\t\t\t<\/div>\n\t\t<\/div>\n\t\t\t\t<div class=\"elementor-column elementor-col-50 elementor-top-column elementor-element elementor-element-490d7a1\" data-id=\"490d7a1\" data-element_type=\"column\">\n\t\t\t<div class=\"elementor-column-wrap elementor-element-populated\">\n\t\t\t\t\t\t\t<div class=\"elementor-widget-wrap\">\n\t\t\t\t\t\t<div class=\"elementor-element elementor-element-310787d elementor-hidden-tablet elementor-hidden-phone elementor-widget elementor-widget-heading\" data-id=\"310787d\" data-element_type=\"widget\" data-widget_type=\"heading.default\">\n\t\t\t\t<div class=\"elementor-widget-container\">\n\t\t\t<h2 class=\"elementor-heading-title elementor-size-default\">SINGH\u00b4SMART in K\u00f6ln<\/h2>\t\t<\/div>\n\t\t\t\t<\/div>\n\t\t\t\t<div class=\"elementor-element elementor-element-7763c0d elementor-hidden-tablet elementor-hidden-phone elementor-widget elementor-widget-heading\" data-id=\"7763c0d\" data-element_type=\"widget\" data-widget_type=\"heading.default\">\n\t\t\t\t<div class=\"elementor-widget-container\">\n\t\t\t<h2 class=\"elementor-heading-title elementor-size-default\">Exotic Food &amp; Cosmetics<\/h2>\t\t<\/div>\n\t\t\t\t<\/div>\n\t\t\t\t<div class=\"elementor-element elementor-element-1222e06 elementor-hidden-desktop elementor-widget elementor-widget-heading\" data-id=\"1222e06\" data-element_type=\"widget\" data-widget_type=\"heading.default\">\n\t\t\t\t<div class=\"elementor-widget-container\">\n\t\t\t<h2 class=\"elementor-heading-title elementor-size-default\">SINGH\u00b4SMART in K\u00f6ln<\/h2>\t\t<\/div>\n\t\t\t\t<\/div>\n\t\t\t\t<div class=\"elementor-element elementor-element-cce2328 elementor-hidden-desktop elementor-widget elementor-widget-heading\" data-id=\"cce2328\" data-element_type=\"widget\" data-widget_type=\"heading.default\">\n\t\t\t\t<div class=\"elementor-widget-container\">\n\t\t\t<h2 class=\"elementor-heading-title elementor-size-default\">Exotic Food &amp; Cosmetics<\/h2>\t\t<\/div>\n\t\t\t\t<\/div>\n\t\t\t\t<div class=\"elementor-element elementor-element-b227639 elementor-widget elementor-widget-text-editor\" data-id=\"b227639\" data-element_type=\"widget\" data-widget_type=\"text-editor.default\">\n\t\t\t\t<div class=\"elementor-widget-container\">\n\t\t\t\t\t<div class=\"elementor-text-editor elementor-clearfix\"><p>Neumarkt 33, 50667 K\u00f6ln<\/p>\n<p>Tel: <a href=\"tel:022117919132\">0221 17919132<\/a><\/p>\n<p>Neuer Supermarkt in K\u00f6ln &#8211; spezialisiert auf asiatische Lebensmittel jeglicher Art.\u00a0<\/p><\/div>\n\t\t\t\t<\/div>\n\t\t\t\t<\/div>\n\t\t\t\t\t\t<\/div>\n\t\t\t\t\t<\/div>\n\t\t<\/div>\n\t\t\t\t\t\t\t\t<\/div>\n\t\t\t\t\t<\/div>\n\t\t<\/section>\n\t\t\t\t<section class=\"elementor-section elementor-top-section elementor-element elementor-element-31c6459 elementor-section-stretched elementor-section-boxed elementor-section-height-default elementor-section-height-default\" data-id=\"31c6459\" data-element_type=\"section\" data-settings=\"{&quot;stretch_section&quot;:&quot;section-stretched&quot;}\">\n\t\t\t\t\t\t<div class=\"elementor-container elementor-column-gap-default\">\n\t\t\t\t\t\t\t<div class=\"elementor-row\">\n\t\t\t\t\t<div class=\"elementor-column elementor-col-100 elementor-top-column elementor-element elementor-element-a98b03a\" data-id=\"a98b03a\" data-element_type=\"column\">\n\t\t\t<div class=\"elementor-column-wrap elementor-element-populated\">\n\t\t\t\t\t\t\t<div class=\"elementor-widget-wrap\">\n\t\t\t\t\t\t<div class=\"elementor-element elementor-element-a4fd6e9 elementor-widget elementor-widget-spacer\" data-id=\"a4fd6e9\" data-element_type=\"widget\" data-widget_type=\"spacer.default\">\n\t\t\t\t<div class=\"elementor-widget-container\">\n\t\t\t\t\t<div class=\"elementor-spacer\">\n\t\t\t<div class=\"elementor-spacer-inner\"><\/div>\n\t\t<\/div>\n\t\t\t\t<\/div>\n\t\t\t\t<\/div>\n\t\t\t\t<div class=\"elementor-element elementor-element-e8f1f22 elementor-widget elementor-widget-heading\" data-id=\"e8f1f22\" data-element_type=\"widget\" data-widget_type=\"heading.default\">\n\t\t\t\t<div class=\"elementor-widget-container\">\n\t\t\t<h2 class=\"elementor-heading-title elementor-size-default\">So finden Sie uns - gegen\u00fcber der Haltestelle Neumarkt<\/h2>\t\t<\/div>\n\t\t\t\t<\/div>\n\t\t\t\t<div class=\"elementor-element elementor-element-c384419 elementor-widget elementor-widget-html\" data-id=\"c384419\" data-element_type=\"widget\" data-widget_type=\"html.default\">\n\t\t\t\t<div class=\"elementor-widget-container\">\n\t\t\t<iframe loading=\"lazy\" src=\"https:\/\/www.google.com\/maps\/embed?pb=!1m14!1m8!1m3!1d10057.44318539287!2d6.9472111!3d50.9355403!3m2!1i1024!2i768!4f13.1!3m3!1m2!1s0x0%3A0xa06e770725e56d6f!2sSinghsMart%3A%20Asiatische%20%26%20Indische%20Lebensmittel%20in%20K%C3%B6ln!5e0!3m2!1sde!2sde!4v1592138423007!5m2!1sde!2sde\" width=\"600\" height=\"450\" frameborder=\"0\" style=\"border:0;\" allowfullscreen=\"\" aria-hidden=\"false\" tabindex=\"0\"><\/iframe>\t\t<\/div>\n\t\t\t\t<\/div>\n\t\t\t\t\t\t<\/div>\n\t\t\t\t\t<\/div>\n\t\t<\/div>\n\t\t\t\t\t\t\t\t<\/div>\n\t\t\t\t\t<\/div>\n\t\t<\/section>\n\t\t\t\t<section class=\"elementor-section elementor-top-section elementor-element elementor-element-05e9164 elementor-section-stretched elementor-section-boxed elementor-section-height-default elementor-section-height-default\" data-id=\"05e9164\" data-element_type=\"section\" data-settings=\"{&quot;stretch_section&quot;:&quot;section-stretched&quot;}\">\n\t\t\t\t\t\t<div class=\"elementor-container elementor-column-gap-default\">\n\t\t\t\t\t\t\t<div class=\"elementor-row\">\n\t\t\t\t\t<div class=\"elementor-column elementor-col-100 elementor-top-column elementor-element elementor-element-0cb5009\" data-id=\"0cb5009\" data-element_type=\"column\">\n\t\t\t<div class=\"elementor-column-wrap\">\n\t\t\t\t\t\t\t<div class=\"elementor-widget-wrap\">\n\t\t\t\t\t\t\t\t<\/div>\n\t\t\t\t\t<\/div>\n\t\t<\/div>\n\t\t\t\t\t\t\t\t<\/div>\n\t\t\t\t\t<\/div>\n\t\t<\/section>\n\t\t\t\t\t\t<\/div>\n\t\t\t\t\t\t<\/div>\n\t\t\t\t\t<\/div>\n\t\t","protected":false},"excerpt":{"rendered":"<p>SINGH\u00b4SMART in K\u00f6ln Exotic Food &amp; Cosmetics SINGH\u00b4SMART in K\u00f6ln Exotic Food &amp; Cosmetics Neumarkt 33, 50667 K\u00f6ln Tel: 0221 17919132 Neuer Supermarkt in K\u00f6ln &#8211; spezialisiert auf asiatische Lebensmittel jeglicher Art.\u00a0 So finden Sie uns &#8211; gegen\u00fcber der Haltestelle Neumarkt<\/p>\n","protected":false},"author":1,"featured_media":0,"parent":0,"menu_order":0,"comment_status":"closed","ping_status":"closed","template":"","meta":{"footnotes":""},"class_list":["post-2","page","type-page","status-publish","hentry"],"_links":{"self":[{"href":"https:\/\/www.singhsmart.de\/index.php?rest_route=\/wp\/v2\/pages\/2"}],"collection":[{"href":"https:\/\/www.singhsmart.de\/index.php?rest_route=\/wp\/v2\/pages"}],"about":[{"href":"https:\/\/www.singhsmart.de\/index.php?rest_route=\/wp\/v2\/types\/page"}],"author":[{"embeddable":true,"href":"https:\/\/www.singhsmart.de\/index.php?rest_route=\/wp\/v2\/users\/1"}],"replies":[{"embeddable":true,"href":"https:\/\/www.singhsmart.de\/index.php?rest_route=%2Fwp%2Fv2%2Fcomments&post=2"}],"version-history":[{"count":26,"href":"https:\/\/www.singhsmart.de\/index.php?rest_route=\/wp\/v2\/pages\/2\/revisions"}],"predecessor-version":[{"id":78,"href":"https:\/\/www.singhsmart.de\/index.php?rest_route=\/wp\/v2\/pages\/2\/revisions\/78"}],"wp:attachment":[{"href":"https:\/\/www.singhsmart.de\/index.php?rest_route=%2Fwp%2Fv2%2Fmedia&parent=2"}],"curies":[{"name":"wp","href":"https:\/\/api.w.org\/{rel}","templated":true}]}}